visor of 8 and w.
8
Let s be (2 + 0/1)/(-2). Let x be (s + -1 + 1)*5. Let g = x - -8. What is the highest common divisor of 6 and g?
3
Let q(a) = -a - 1. Let p be q(-7). Let u be 1 - 1 - (-14 + -1). Let o be 86/10 + p/u. What is the highest common factor of 6 and o?
3
Let w = 9 - 5. Let x(q) = q. Let j be x(w). What is the greatest common factor of 44 and j?
4
Suppose 3*t - 42 = 294. Suppose 0 = 4*o + s - 4*s - 59, 0 = 3*s + 3. What is the greatest common divisor of o and t?
14
Let n be (-720)/21 - 4/(-14). Let y be 2*n*2/(-8). Let c = -171 + 341. What is the highest common factor of c and y?
17
Let o = 1 - -2. Suppose 0 = -5*d + 4*w - 2 - o, 4*w - 11 = 3*d. Suppose -d*f = -4*f + 19. What is the greatest common factor of 19 and f?
19
Suppose -o - 14 = -44. Suppose -2*c - 3*l = -4*l + 19, c - 3*l + 2 = 0. Let w = -5 - c. Calculate the greatest common factor of o and w.
6
Let z be (-4 - 19/(-2)) + (-3)/6. Calculate the greatest common divisor of 1 and z.
1
Let d(p) = 2*p**3 - 8*p**2 + 6*p - 1. Let j be d(5). Suppose -u + 0*u = -49. Let o = j - u. Calculate the highest common factor of o and 20.
10
Let a(o) = -3*o - 5. Let u be a(-6). Suppose 0 = -3*y - 2 + 11. Let p = u + y. What is the highest common factor of p and 40?
8
Suppose -d + 3 = 2*g - 15, -2*d + 5*g + 9 = 0. Let r be 148/d + (-4)/(-6). Calculate the highest common factor of 117 and r.
13
Let m(q) = -3*q - 8. Let b be m(-4). Calculate the highest common factor of 12 and b.
4
Let o(t) = 9*t - 1. Suppose -4*f + 3*f = -1. Let y be o(f). What is the highest common divisor of y and 64?
8
Let f(b) = -b**3 - 5*b**2 + 29*b. Let s be f(-9). Calculate the highest common divisor of 42 and s.
21
Suppose 0*s + 2*s = -24. Suppose -c = 5*x - 108, -c = -3*x + c + 57. Let l = x + s. Calculate the greatest common divisor of l and 9.
9
Let g be (-5 - -9)/(1/2). Calculate the greatest common factor of 8 and g.
8
Let m = -4 + 6. Let n be (6 + m)*(-3)/(-1). Let d(s) = -6*s**3 - s**2 - s. Let p be d(-1). Calculate the highest common factor of n and p.
6
Let r(k) = -k**2 - 5*k + 1. Let w be r(-5). Suppose 73 = 4*h + w. Let g be ((-10)/(-4))/((-7)/(-252)). Calculate the highest common factor of g and h.
18
Let q(k) = k**2 + 5*k + 2. Let g be q(-3). Let r = g + 5. Let b be -2 - -1 - (-4 - r). Calculate the greatest common divisor of 44 and b.
4
Suppose 0 = -2*h + 3 + 3. Suppose -55 = -3*o + 2*d, -h*d + d - 13 = -o. What is the highest common divisor of 168 and o?
21
Let n = 12 + -10. Suppose -n*f = -3*w + 4, 0 = -5*f + 4*w - 4 + 1. What is the greatest common divisor of 3 and f?
1
Let b(o) = 4*o**2 + 15*o + 5. Let s be b(-5). What is the greatest common divisor of s and 70?
10
Let g = 22 + -16. Suppose 0 = -3*v - 3*r - 177, 2*v + 13 = r - 108. Let t be (v/(-8))/(g/8). What is the highest common factor of t and 110?
10
Suppose 2*w = 5*w - 3*k - 3, 5*w + 5*k + 15 = 0. Let c = w - -2. Calculate the highest common divisor of c and 4.
1
Let h = 2 + -1. What is the highest common divisor of h and 7?
1
Suppose 2*o + 24 = 6*o. Suppose 13 = q - o. Let a be 2*5/(-40) + 685/4. What is the highest common factor of a and q?
19
Let i be (-99)/(-6)*(-16)/(-6). Suppose -4*g + i = j, -4*g + 28 = 3*j + 2*j. Calculate the greatest common divisor of 84 and g.
12
Suppose 7*p = 6*p + 2. What is the greatest common divisor of p and 5?
1
Suppose -50 = -3*k - v, 2*k + 3*v = 7*v + 38. What is the highest common divisor of 187 and k?
17
Let o(w) = 2*w + 69*w + w. Let l be o(1). Suppose -2*n - 2*n = -32. Calculate the greatest common factor of l and n.
8
Let f be (4 - -76) + (2 - 2). Suppose 0 = 4*c - 1 - 15, 0 = -v - 5*c + 35. Let m be (v/(-5))/(6/(-32)). Calculate the highest common factor of f and m.
16
Suppose 5*o + 3*y - 142 = 0, -3*y - 128 = -3*o - 38. What is the highest common factor of o and 116?
29
Suppose 844 = 4*g + 4*l, -8*l = -4*g - 3*l + 835. What is the highest common divisor of g and 84?
42
Suppose 0 = -4*z + 4 - 12. Let c = 7 - 3. Let v be 6/(((-4)/z)/c). What is the greatest common divisor of 24 and v?
12
Let j = -2 + 15. Calculate the highest common divisor of j and 143.
13
Let m(h) = -2*h + 36. Let y be m(0). Let l be (12/8)/((-3)/(-10)). Let c be -2 - l/(10/(-28)). Calculate the greatest common divisor of c and y.
12
Suppose -4*z = -z - 54. Let l = -8 + z. Let y = l + 5. What is the highest common factor of 10 and y?
5
Let u = -11 + 30. Calculate the highest common divisor of 209 and u.
19
Suppose 0 = 4*q - 14 - 10. Suppose -4 = -2*d - 3*g, -4*g + q = 4*d - 2. What is the greatest common divisor of d and 5?
1
Suppose -134 = -3*y - 14. What is the greatest common divisor of y and 100?
20
Let h(s) = s**3 + 6*s**2 - s + 7. Let b be h(-6). Suppose 0 = 2*k + 2*f - 218, 5*f - 27 = 2*k - 210. What is the greatest common factor of b and k?
13
Let p = 14 - 5. Calculate the greatest common divisor of p and 36.
9
Suppose 2*y + 10 = 0, -2*y - 2*y - 8 = 3*p. Let h(w) = w**3 - 5*w**2 - 6*w + 2. Let n be h(6). What is the highest common divisor of p and n?
2
Let l = 38 - 24. What is the greatest common factor of l and 70?
14
Let f = -112 + 200. Let t = -9 + 31. What is the highest common divisor of t and f?
22
Let a(s) = -s**2 - 9*s - 11. Let x be a(-9). Let q = 3 - x. Calculate the highest common divisor of 2 and q.
2
Let j be (-4)/(-8)*(-2)/1. Let w be 9/(2*j/(-18)). What is the highest common factor of w and 9?
9
Let y = 5 - -4. Calculate the greatest common divisor of y and 72.
9
Suppose 3*u + 10*y - 12 = 5*y, 0 = -5*u - y + 20. Let t(n) = 7*n**2 + 3*n - 4. Let s be t(u). Calculate the highest common divisor of s and 15.
15
Let o = -218 + 313. What is the highest common divisor of o and 38?
19
Let g(y) = -4 - y**2 + y**2 + 2*y**2 - 3*y - y**2. Let w be g(-5). Calculate the highest common divisor of w and 9.
9
Let c be 360/(-27) - 2/(-6). Let j = -8 - c. Suppose 3*y - j = 2*y. What is the highest common divisor of 55 and y?
5
Let g = -23 - -35. Let n = g - 4. Suppose 12 = w + f, 7*w - 40 = 3*w - 2*f. Calculate the highest common factor of n and w.
8
Let b be (1*15/25)/(2/50). What is the greatest common divisor of 75 and b?
15
Let g be (-2 - -5) + -5 - -42. Let d = g - 19. Calculate the highest common divisor of d and 210.
21
Let w(m) = -m**3 - 2*m**2 - 4*m - 5. Let o be w(-4). Suppose 0 = -p + 7 + o. Let q = 24 + -14. Calculate the highest common factor of q and p.
10
Suppose 3*b + 4*p = 59, 3*b - 4*p = p + 68. Calculate the highest common divisor of b and 6.
3
Let p be (-14)/6 - (-1)/3. Let v be 75 - p*1/(-1). Let o = 153 - v. What is the greatest common factor of o and 16?
16
Let o(y) = -y**3 + 7*y**2 - 7*y + 5. Let v be o(4). Suppose t - 39 = 2*g - 3*g, 0 = 5*t - v. What is the highest common divisor of g and 17?
17
Let r = 19 - -72. Let o be (-12 + -1)*(0 - 5/5). What is the highest common factor of o and r?
13
Let a = -22 + 24. Calculate the greatest common factor of a and 4.
2
Let g(f) = -f**2 - 4*f + 2. Let d be g(-4). Let r be ((-2)/3)/((-6)/126). Let h be 21/r - (-2)/4. Calculate the greatest common divisor of h and d.
2
Suppose -2*g - 4*n + 4 = 0, -5*g - 2*n + 49 = 7. Let t be (-3)/6 - (-122)/4. Calculate the greatest common factor of g and t.
10
Let o(y) = y + 17. Let j be o(-11). Calculate the highest common divisor of 6 and j.
6
Let z = 519 + -366. What is the highest common divisor of 17 and z?
17
Suppose 2*f - 33 + 23 = 0. What is the greatest common divisor of 10 and f?
5
Let q be 1/(((-30)/(-160))/(10 + -1)). What is the highest common factor of q and 72?
24
Suppose 4 = p + 2*k - 5, 4*p - 22 = -k. Suppose 0 = p*i - 2*x - 128, i - 38 = 3*x - 2. Calculate the greatest common divisor of 36 and i.
12
Let t = -5 - 0. Let v = t - -15. What is the greatest common divisor of 90 and v?
10
Suppose -36 - 18 = -6*b. Let y be 2*9 + 0 + 0. What is the highest common divisor of y and b?
9
Let g(r) = -r + 7. Let j be g(6). Let l(o) = -o**2 - 12*o - 7. Let w be l(-11). What is the highest common divisor of w and j?
1
Let v(c) = 19*c**3 + 1. Let f be v(-1). Let p = 0 - f. Suppose 0 = -2*s + 5 - 1. Calculate the highest common divisor of p and s.
2
Let s be 10/5 + (0 - -25). Calculate the highest common divisor of 3 and s.
3
Suppose 0*s + 195 = 15*s. Calculate the greatest common factor of 143 and s.
13
Let b be (-566)/(-6) 